 -w*s + s + a. What are the prime factors of s?
3
Suppose 0 = -2*f + 2*w + 5964, -60*f = -65*f - 3*w + 14918. List the prime factors of f.
19, 157
Suppose -4*w + 28 = 4*k, -2 - 5 = -k - 2*w. Let f = -61 + k. Let q = -26 - f. List the prime factors of q.
2, 7
Let d(j) = -j**2 + 6*j + 2. Let f be d(6). Let i(g) = g**2 + 7*g + 2. Let a be i(-7). Suppose r = a*v + 29, -f*r - 3*v - 24 = -3*r. List the prime factors of r.
3, 13
Let c be (0 - (4 + -2)) + 25. Let k = c - 21. List the prime factors of k/(-17) - (-8127)/153.
53
Suppose y = -4*y + 4*r + 2, 3*y - 4*r = -2. Suppose -5*i + 116 - 26 = -y*l, 3*i - 85 = -5*l. Let k = i + -5. List the prime factors of k.
3, 5
Suppose 5*c = -28 + 88. Suppose -c*i + 139 = -125. What are the prime factors of i?
2, 11
Let n = 4254 - 1466. List the prime factors of n.
2, 17, 41
Suppose 4*x - k = 1316 - 356, 4*k - 462 = -2*x. List the prime factors of x.
239
Let p be (-13)/5 - ((-8)/5 + 2). Let u(y) = 9*y**2 - 6*y + 1. What are the prime factors of u(p)?
2, 5
What are the prime factors of (-24)/9*(5 - 10940/10)?
2, 3, 11
Let j be 84/39 + (-8)/52. Suppose 23 = -2*w - u, -w - 4 = j*u - 0*u. What are the prime factors of (-5152)/(-98) - (-8)/w?
2, 13
Let j be (-5 - 1)*14/(-3). Suppose -2*p - j = 28. What are the prime factors of -10*(p/8 - -1)?
5
Let l(t) = 9*t**2 + 8*t + 13. Suppose -6 = -i - 10. List the prime factors of l(i).
5
Let h(f) be the first derivative of f**3/3 + 4*f**2 + 9*f + 3. Let q be h(-7). Suppose 0 = s - 2, 38 = q*l + 2*s - 4*s. List the prime factors of l.
3, 7
Suppose b - 29 = 40. Let v = b - 27. Let y = v + -24. What are the prime factors of y?
2, 3
Let i be ((-2872)/20 + 2)*-10. Let s be i/42 + (-4)/(-14). Suppose 2 = 3*b - s. List the prime factors of b.
2, 3
Let k = 293 + -79. What are the prime factors of k/30 + 38/(-285)?
7
Suppose -7*b + 2816 = 345. List the prime factors of b.
353
Let z(i) = 64*i**2 - i + 6 - 24*i**2 - 29*i**2. List the prime factors of z(2).
2, 3
Suppose 2*w - 8 = 0, 7*w + 1002 = 2*t + 2*w. What are the prime factors of t?
7, 73
List the prime factors of 15/(-15) - (-276 + 2).
3, 7, 13
Let q(o) = 19*o - 17. Let x = 30 + -24. List the prime factors of q(x).
97
Let j = -159 + 507. What are the prime factors of j?
2, 3, 29
Suppose 3*b + 78 = 1704. List the prime factors of b.
2, 271
Suppose 51 = 6*o - 9. Let f be ((-15)/o)/((-2)/332). Suppose -3*w = 3, -5*v - 12 + f = 3*w. List the prime factors of v.
2, 3
List the prime factors of (3145 + -2)*378/294.
3, 449
Suppose -6*j - 21 = -9*j. Suppose n + j*n - 1288 = 0. What are the prime factors of n?
7, 23
Suppose 0 + 550 = 5*y. Let g = -75 + y. List the prime factors of g.
5, 7
Let w(z) = 431*z + 236. What are the prime factors of w(8)?
2, 3, 307
Suppose 0 = -5*m + 3*f - 5, 0 = -5*m + 2*f. Suppose 2*v + 12 = -4*h, -4 = v + 3*v - m*h. Let r = v + 32. What are the prime factors of r?
2, 3, 5
Suppose 19*c = 23*c. What are the prime factors of 4 + 45 + 0 + c?
7
Let d(v) = 471*v + 218. List the prime factors of d(4).
2, 1051
Let y = 38 + -135. Let u = -19 - y. List the prime factors of u.
2, 3, 13
Suppose -1 = m + 5*t - 0, -5*m - t + 43 = 0. Let h = m - 4. Suppose -2*a + 335 = h*i, 0 = -i - 8*a + 3*a + 67. List the prime factors of i.
67
List the prime factors of (8/(-10))/((-1029)/(-1035) + -1).
2, 3, 23
Suppose -33166 = 1479*j - 1502*j. What are the prime factors of j?
2, 7, 103
Let d be (-3)/9 - 28/6. Let f(v) = -2*v - 6. Let n be f(d). Suppose 5*w = 2*s + w + n, -4*s = -3*w - 12. What are the prime factors of s?
2, 3
Let g = 87 - 49. Suppose 0 = s + 3*u - 14, 4*s - 6*s + g = u. Let d = -12 + s. What are the prime factors of d?
2
Let l(j) = 6*j**2 - 34*j - 9. List the prime factors of l(10).
251
Suppose 0*o = -3*o. Suppose 1604 = 5*d - 2*s, 3*d - 3*s - 957 = -o*d. List the prime factors of d.
2, 7, 23
Let k(s) = -s**2 - 8*s + 13. Let t be k(-9). Suppose -3*l + 263 = -t*n, 2*n - 6 = 5*n. List the prime factors of l.
5, 17
Suppose 2560 = -0*y + 5*y. What are the prime factors of y?
2
Let i(t) = -t**3 - 9*t**2 + 2*t + 1. Let m be i(-9). Let w be m/((-3)/(-9)*3). Let r = w + 39. What are the prime factors of r?
2, 11
Let t = -1827 - -2767. List the prime factors of t.
2, 5, 47
What are the prime factors of 814*(-4 + (-55)/(-10))/3?
11, 37
Let w(x) = -13*x**3 - 3*x**2 - 2*x. Let k be w(-1). Suppose k = 2*s - s. What are the prime factors of s?
2, 3
Let a(o) = 6 - 8 - 15 - 17*o. Let p(d) = -d**2 + 24*d + 141. Let g be p(-5). What are the prime factors of a(g)?
3, 17
Let x be ((-7)/(-2))/7*0. Let v be x/(1 + 1 + 0). Suppose 4*r - 2*r - 2*g = 32, v = 5*r + 3*g - 88. List the prime factors of r.
17
Let x(r) = -28*r**3 + 8*r**2 + 16*r + 8. What are the prime factors of x(-3)?
2, 197
Let d = -15 + 21. Let h = -47 + d. List the prime factors of h/(-2) + (-14)/28.
2, 5
Suppose 3*g + 3*j = 1554, 2*j = -g + 366 + 153. What are the prime factors of g?
11, 47
Suppose 21*v + 504 = 27*v. What are the prime factors of v?
2, 3, 7
Let o(a) = -332*a + 2. Let d be o(-1). Suppose 5*t + 2*z - d = t, -5*z = -15. List the prime factors of t.
2, 41
Let d(q) = -167*q + 180. What are the prime factors of d(-3)?
3, 227
Let h = 383 - -2601. What are the prime factors of h?
2, 373
Let f be 4/(-3)*3 + -3. Let h be (f/(-21))/((-1)/(-6)). Suppose 37 + 25 = h*w. What are the prime factors of w?
31
Let p(k) = -k**2. Suppose -d = -2*d + 1. Let v(j) = 19*j**2 + 2*j - 1. Let s(b) = d*v(b) - p(b). List the prime factors of s(1).
3, 7
Suppose n = -12 + 13, 1548 = 4*k + 4*n. What are the prime factors of k?
2, 193
Suppose -5*a + 4*p - 254 = -3*a, 4*a + 5*p + 560 = 0. Let m = -43 - a. List the prime factors of m.
2, 23
Suppose -592 = -5*u + 168. List the prime factors of u.
2, 19
List the prime factors of 623 - 7*1/(-1).
2, 3, 5, 7
Suppose 6*z = -0*z - 6, 0 = j - 2*z - 522. List the prime factors of j.
2, 5, 13
Let z(i) = 201 - 187 - 6*i - 10*i. List the prime factors of z(-5).
2, 47
Let o = -12 - -9. Let j(w) be the third derivative of w**5/60 + w**4/8 + 2*w**3/3 - 2*w**2. List the prime factors of j(o).
2
Let z be -1 - 0 - (-14 + -200). Let b = -85 + z. List the prime factors of b.
2
List the prime factors of (2 + 2825/(-15))*-6.
2, 13, 43
Let x = 243 + -121. Let f be (-6)/(-39) - (-1133)/(-13). Let g = x + f. List the prime factors of g.
5, 7
Suppose -930 = 38*f - 10126. List the prime factors of f.
2, 11
Suppose 0 = -2*g - 251 + 63. Let b = 178 + g. Let q = b + -43. What are the prime factors of q?
41
Let z(x) = 0*x - 4*x - 26 - x. List the prime factors of z(-10).
2, 3
Let a(d) = -5*d + 12. Let m be a(-5). Suppose -2*l = -157 + m. List the prime factors of l.
2, 3, 5
Suppose -4*c + 3*r + 8 = 0, -8 = -4*c + 2*r - 4*r. Suppose -5*d - 170 = 3*i - 410, 3*d + c*i = 144. What are the prime factors of d?
2, 3
Suppose -4*h = -5*x - 8, -2*h - 2*x + 22 = -0*x. Let d(c) = c**3 + 15*c**2 - 17*c + 21. Let z be d(-16). Let u = h + z. List the prime factors of u.
2, 11
Suppose 0 = 2*f - 4. Let k = 18 - f. What are the prime factors of k?
2
Let w(b) = 20*b - 3. Let x(g) = g. Let c(p) = w(p) + 2*x(p). What are the prime factors of c(5)?
107
Let x be 62/22 - 30/(-165). Suppose -m = x*u - 234, 0 = -u - 2. List the prime factors of m.
2, 3, 5
Let j(i) = -3*i**3 + 6*i**2 + 10*i + 17. List the prime factors of j(-5).
2, 3, 41
Suppose -325 = -2*t - 5*m - 0*m, -5*m = -t + 155. Let b = t + -80. What are the prime factors of b?
2, 5
Let n be 60*(-3 - 35/(-10)). Let w = 27 - -9. Suppose -n = -2*p + w. What are the prime factors of p?
3, 11
Suppose 92 = 4*r + 3*w, -2*r - 2*w + 46 = -3*w. Let m(z) = -2*z - 10. Let o be m(-7). Suppose r = i + o. List the prime factors of i.
19
Suppose -11*j = -9*j - 12. Suppose 2*q = j*q + 108. List the prime factors of 230/18 - 6/q.
13
List the prime factors of (831/(-2))/(3/(-4)).
2, 277
Let i(t) = -t + 9. Let b be i(12). Let k = -3 - b. Suppose k = -3*w + 6*w - 6. What are the prime factors of w?
2
Let j(p) = 262*p - 69. What are the prime factors of j(3)?
3, 239
Let p = -686 - -2092. Let o be p/12 + (-12)/72. Suppose 0 = 5*t + 4*k - o, -2*t - 54 = -4*t - 4*k. List the prime factors of t.
3, 7
List the prime factors of 316/(3 - 5)*24/(-8).
2, 3, 79
Let n be 133/49 + 2*(-3)/(-21). Suppose -40 = n*h - 7*h. What are the prime factors of h?
2, 5
Let f(s) = 8*s - 1 